{"id":260,"date":"2021-07-17T19:41:12","date_gmt":"2021-07-17T17:41:12","guid":{"rendered":"https:\/\/ecoveritas.fr\/?page_id=260"},"modified":"2024-04-02T10:30:22","modified_gmt":"2024-04-02T08:30:22","slug":"page-contact","status":"publish","type":"page","link":"https:\/\/ecoveritas.fr\/index.php\/page-contact\/","title":{"rendered":"Prenez-vous rendez-vous avec ECOVERITAS"},"content":{"rendered":"\n<div class=\"wp-block-cover\" style=\"min-height:904px\"><span aria-hidden=\"true\" class=\"wp-block-cover__background has-background-dim-10 has-background-dim\"><\/span><img decoding=\"async\" width=\"2560\" height=\"1709\" class=\"wp-block-cover__image-background wp-image-862\" alt=\"\" src=\"https:\/\/ecoveritas.fr\/wp-content\/uploads\/2024\/02\/shutterstock_2341829361-scaled.jpg\" data-object-fit=\"cover\" srcset=\"https:\/\/ecoveritas.fr\/wp-content\/uploads\/2024\/02\/shutterstock_2341829361-scaled.jpg 2560w, https:\/\/ecoveritas.fr\/wp-content\/uploads\/2024\/02\/shutterstock_2341829361-300x200.jpg 300w, https:\/\/ecoveritas.fr\/wp-content\/uploads\/2024\/02\/shutterstock_2341829361-1024x683.jpg 1024w, https:\/\/ecoveritas.fr\/wp-content\/uploads\/2024\/02\/shutterstock_2341829361-2000x1335.jpg 2000w, https:\/\/ecoveritas.fr\/wp-content\/uploads\/2024\/02\/shutterstock_2341829361-scaled-1536x1025.jpg 1536w, https:\/\/ecoveritas.fr\/wp-content\/uploads\/2024\/02\/shutterstock_2341829361-scaled-2048x1367.jpg 2048w, https:\/\/ecoveritas.fr\/wp-content\/uploads\/2024\/02\/shutterstock_2341829361-scaled-600x401.jpg 600w, https:\/\/ecoveritas.fr\/wp-content\/uploads\/2024\/02\/shutterstock_2341829361-scaled-1200x801.jpg 1200w\" sizes=\"(max-width: 2560px) 100vw, 2560px\" \/><div class=\"wp-block-cover__inner-container\">\n<div class=\"has-global-padding is-layout-constrained wp-block-group\">\n<div style=\"height:100px\" aria-hidden=\"true\" class=\"wp-block-spacer\"><\/div>\n\n\n\n<h2 class=\"wp-block-heading has-large-font-size\">Vous souhaitez en savoir plus? <\/h2>\n\n\n\n<p>Vous pouvez caler un premier rendez-vous t\u00e9l\u00e9phonique afin que nous parlions de vos projets. <\/p>\n\n\n\n<div class=\"is-layout-flow wp-block-group custom-group\">\n<div id=\"calcom-embed\"><\/div><script>\n            const selector = document.getElementById(\"calcom-embed\");\n            Cal(\"inline\", {\n                elementOrSelector: selector,\n                calLink: \"\/ecoveritas\/etre-appele\"\n            });\n        <\/script>\n<\/div>\n\n\n\n<div style=\"height:31px\" aria-hidden=\"true\" class=\"wp-block-spacer\"><\/div>\n\n\n\n<div class=\"is-layout-flex wp-container-4 wp-block-columns are-vertically-aligned-top\" style=\"padding-top:0;padding-right:0;padding-bottom:0;padding-left:0\">\n<div class=\"is-layout-flow wp-block-column is-vertically-aligned-top\" style=\"padding-right:7%;flex-basis:50%\">\n<h2 class=\"wp-block-heading has-large-font-size\">Vous souhaitez nous poser une question par email? <\/h2>\n\n\n\n<p>Dites-nous en plus sur votre projet !<\/p>\n\n\n\n<p>\u00cates-vous un particulier, un conseiller ou un dirigeant d&rsquo;entreprise? <\/p>\n\n\n\n<p>Nous reviendrons vers vous dans les plus brefs d\u00e9lais. <br><\/p>\n<\/div>\n\n\n\n<div class=\"is-layout-flow wp-block-column is-vertically-aligned-top\" style=\"flex-basis:50%\"><!-- ZOOM Forms Start -->\n\t\t\t<form id=\"wpzf-1274\" method=\"post\" action=\"https:\/\/ecoveritas.fr\/wp-admin\/admin-post.php\" class=\"wpzoom-forms_form\">\n\t\t\t<input type=\"hidden\" name=\"action\" value=\"wpzf_submit\" \/>\n\t\t\t<input type=\"hidden\" name=\"form_id\" value=\"1274\" \/>\n\t\t\t<input type=\"hidden\" id=\"_wpnonce\" name=\"_wpnonce\" value=\"5117673f53\" \/><input type=\"hidden\" name=\"_wp_http_referer\" value=\"\/index.php\/wp-json\/wp\/v2\/pages\/260\" \/>\n\t\t\t\n\t\t\t\n<div class=\"wp-block-wpzoom-forms-form\">\n<div class=\"wp-block-group\">\n<div class=\"wp-block-columns\">\n<div class=\"wp-block-column\" style=\"flex-basis:100%\">\n<label for=\"input_name\"><label for=\"input_name\">Nom<\/label><sup class=\"wp-block-wpzoom-forms-required\">*<\/sup><\/label><input type=\"text\" name=\"wpzf_input_name\" id=\"input_name\" placeholder=\"\" required class=\"wp-block-wpzoom-forms-text-name-field fullwidth\"\/>\n\n\n\n<label for=\"input_name\"><label for=\"input_name\">Pr\u00e9nom<\/label><sup class=\"wp-block-wpzoom-forms-required\">*<\/sup><\/label><input type=\"text\" name=\"wpzf_input_name\" id=\"input_name\" placeholder=\"\" required class=\"wp-block-wpzoom-forms-text-name-field fullwidth\"\/>\n\n\n\n<label for=\"input_email\"><label for=\"input_email\">Email<\/label><sup class=\"wp-block-wpzoom-forms-required\">*<\/sup><\/label><input type=\"email\" name=\"wpzf_input_email\" id=\"input_email\" placeholder=\"\" required data-replyto=\"true\" class=\"wp-block-wpzoom-forms-text-email-field fullwidth\"\/>\n\n\n\n<label for=\"input_subject\"><label for=\"input_subject\">Num\u00e9ro de t\u00e9l\u00e9phone<\/label><sup class=\"wp-block-wpzoom-forms-required\">*<\/sup><\/label><input type=\"number\" name=\"wpzf_input_subject\" id=\"input_subject\" placeholder=\"\" required data-subject=\"true\" class=\"wp-block-wpzoom-forms-text-plain-field fullwidth\"\/>\n\n\n\n<label for=\"input_eb4b6555\"><label for=\"input_eb4b6555\">Estimation de votre patrimoine *:<\/label><sup class=\"wp-block-wpzoom-forms-required\">*<\/sup><\/label><select name=\"wpzf_input_eb4b6555\" id=\"input_eb4b6555\" required defaultvalue=\"Veuillez selectionner\" class=\"wp-block-wpzoom-forms-select-field\"><option value=\"Veuillez selectionner une r\u00e9ponse\">Veuillez selectionner une r\u00e9ponse<\/option><option value=\"moins de 200 k\u20ac\">moins de 200 k\u20ac<\/option><option value=\"de 200 k\u20ac \u00e0 500 k\u20ac\">de 200 k\u20ac \u00e0 500 k\u20ac<\/option><option value=\"de 500 k\u20ac \u00e0 1M\u20ac\">de 500 k\u20ac \u00e0 1M\u20ac<\/option><option value=\"de 1 \u00e0 2 M\u20ac\">de 1 \u00e0 2 M\u20ac<\/option><option value=\"de 2 \u00e0 5 M\u20ac\">de 2 \u00e0 5 M\u20ac<\/option><option value=\"de 5 \u00e0 100 M\u20ac\">de 5 \u00e0 100 M\u20ac<\/option><option value=\"Plus de 100 M\u20ac\">Plus de 100 M\u20ac<\/option><\/select>\n\n\n\n<label for=\"input_message\"><label for=\"input_message\">Message<\/label><sup class=\"wp-block-wpzoom-forms-required\">*<\/sup><\/label><textarea name=\"wpzf_input_message\" id=\"input_message\" cols=\"55\" rows=\"10\" placeholder=\"\" required class=\"wp-block-wpzoom-forms-textarea-field fullwidth\"><\/textarea>\n<\/div>\n<\/div>\n\n\n\n<div class=\"wp-block-columns\">\n<div class=\"wp-block-column\" style=\"flex-basis:30%\"><\/div>\n\n\n\n<div class=\"wp-block-column\" style=\"flex-basis:70%\">\n<p class=\"has-text-align-right\" style=\"font-size:16px\">Les champs avec une <strong class=\"has-accent-color has-text-color\">*<\/strong> sont requis.<\/p>\n<\/div>\n<\/div>\n\n\n\n<div class=\"wp-block-group\">\n<p>En soumettant ce formulaire, vous acceptez que Ecoveritas m\u00e9morise et utilise vos donn\u00e9es personnelles dans les conditions d\u00e9crites dans la\u00a0<a href=\"https:\/\/ecoveritas.fr\/index.php\/politique-de-confidentialite\/\" data-type=\"page\" data-id=\"3\">Politique de confidentialit\u00e9<\/a>.\u00a0<\/p>\n<\/div>\n\n\n\n<input   type=\"submit\" data-sitekey=\"6LeG3oQpAAAAAMTdO40MI3GNxKZc-Ez2-FJ5vdd7\" data-callback=\"wpzf_submit\" data-action=\"submit\"  id=\"input_submit\" value=\"Submit\"  class=\"wp-block-wpzoom-forms-submit-field g-recaptcha\"\/>\n<\/div>\n<\/div>\n\n\t\t\t<input type=\"hidden\" name=\"wpzf_replyto\" value=\"wpzf_input_email\" \/><input type=\"hidden\" name=\"wpzf_subject\" value=\"wpzf_input_subject\" \/><\/form>\n\t\t\t<!-- ZOOM Forms End --><\/div>\n<\/div>\n\n\n\n<div class=\"has-global-padding is-layout-constrained wp-container-5 wp-block-group alignfull\"><\/div>\n\n\n\n<div style=\"height:135px\" aria-hidden=\"true\" class=\"wp-block-spacer\"><\/div>\n<\/div>\n<\/div><\/div>\n","protected":false},"excerpt":{"rendered":"","protected":false},"author":1,"featured_media":862,"parent":0,"menu_order":0,"comment_status":"closed","ping_status":"closed","template":"page-templates\/full-width-transparent.php","meta":[],"featured_media_urls":{"thumbnail":["https:\/\/ecoveritas.fr\/wp-content\/uploads\/2024\/02\/shutterstock_2341829361-150x150.jpg",150,150,true],"medium":["https:\/\/ecoveritas.fr\/wp-content\/uploads\/2024\/02\/shutterstock_2341829361-300x200.jpg",300,200,true],"medium_large":["https:\/\/ecoveritas.fr\/wp-content\/uploads\/2024\/02\/shutterstock_2341829361-scaled.jpg",768,513,false],"large":["https:\/\/ecoveritas.fr\/wp-content\/uploads\/2024\/02\/shutterstock_2341829361-1024x683.jpg",950,634,true],"1536x1536":["https:\/\/ecoveritas.fr\/wp-content\/uploads\/2024\/02\/shutterstock_2341829361-scaled-1536x1025.jpg",1536,1025,true],"2048x2048":["https:\/\/ecoveritas.fr\/wp-content\/uploads\/2024\/02\/shutterstock_2341829361-scaled-2048x1367.jpg",2048,1367,true],"inspiro-featured-image":["https:\/\/ecoveritas.fr\/wp-content\/uploads\/2024\/02\/shutterstock_2341829361-2000x1335.jpg",2000,1335,true],"inspiro-loop":["https:\/\/ecoveritas.fr\/wp-content\/uploads\/2024\/02\/shutterstock_2341829361-950x320.jpg",950,320,true],"inspiro-loop@2x":["https:\/\/ecoveritas.fr\/wp-content\/uploads\/2024\/02\/shutterstock_2341829361-1900x640.jpg",1900,640,true],"event-feed-for-eventbrite-thumbnail":["https:\/\/ecoveritas.fr\/wp-content\/uploads\/2024\/02\/shutterstock_2341829361-scaled-800x400.jpg",800,400,true],"portfolio_item-thumbnail":["https:\/\/ecoveritas.fr\/wp-content\/uploads\/2024\/02\/shutterstock_2341829361-scaled-600x400.jpg",600,400,true],"portfolio_item-thumbnail@2x":["https:\/\/ecoveritas.fr\/wp-content\/uploads\/2024\/02\/shutterstock_2341829361-scaled-1200x800.jpg",1200,800,true],"portfolio_item-masonry":["https:\/\/ecoveritas.fr\/wp-content\/uploads\/2024\/02\/shutterstock_2341829361-scaled-600x401.jpg",600,401,true],"portfolio_item-masonry@2x":["https:\/\/ecoveritas.fr\/wp-content\/uploads\/2024\/02\/shutterstock_2341829361-scaled-1200x801.jpg",1200,801,true],"portfolio_item-thumbnail_cinema":["https:\/\/ecoveritas.fr\/wp-content\/uploads\/2024\/02\/shutterstock_2341829361-scaled-800x335.jpg",800,335,true],"portfolio_item-thumbnail_portrait":["https:\/\/ecoveritas.fr\/wp-content\/uploads\/2024\/02\/shutterstock_2341829361-scaled-600x900.jpg",600,900,true],"portfolio_item-thumbnail_portrait@2x":["https:\/\/ecoveritas.fr\/wp-content\/uploads\/2024\/02\/shutterstock_2341829361-scaled-1200x1709.jpg",1200,1709,true],"portfolio_item-thumbnail_square":["https:\/\/ecoveritas.fr\/wp-content\/uploads\/2024\/02\/shutterstock_2341829361-scaled-800x800.jpg",800,800,true]},"_links":{"self":[{"href":"https:\/\/ecoveritas.fr\/index.php\/wp-json\/wp\/v2\/pages\/260"}],"collection":[{"href":"https:\/\/ecoveritas.fr\/index.php\/wp-json\/wp\/v2\/pages"}],"about":[{"href":"https:\/\/ecoveritas.fr\/index.php\/wp-json\/wp\/v2\/types\/page"}],"author":[{"embeddable":true,"href":"https:\/\/ecoveritas.fr\/index.php\/wp-json\/wp\/v2\/users\/1"}],"replies":[{"embeddable":true,"href":"https:\/\/ecoveritas.fr\/index.php\/wp-json\/wp\/v2\/comments?post=260"}],"version-history":[{"count":86,"href":"https:\/\/ecoveritas.fr\/index.php\/wp-json\/wp\/v2\/pages\/260\/revisions"}],"predecessor-version":[{"id":1510,"href":"https:\/\/ecoveritas.fr\/index.php\/wp-json\/wp\/v2\/pages\/260\/revisions\/1510"}],"wp:featuredmedia":[{"embeddable":true,"href":"https:\/\/ecoveritas.fr\/index.php\/wp-json\/wp\/v2\/media\/862"}],"wp:attachment":[{"href":"https:\/\/ecoveritas.fr\/index.php\/wp-json\/wp\/v2\/media?parent=260"}],"curies":[{"name":"wp","href":"https:\/\/api.w.org\/{rel}","templated":true}]}}